6).
-22
Let u be -5 - ((-4)/3 + 1)*-6. Let a(b) = b**3 + 8*b**2 + 7*b - 2. Give a(u).
-2
Let r(o) = -6*o**3 + 2*o - 1. Let n be 1 + -7 - (3 - 4). Let s(l) = 5*l**3 + l**2 - 2*l. Let i = -23 + 19. Let u(f) = i*r(f) + n*s(f). Determine u(-5).
-6
Let o(w) = -w**3 - 2*w**2 + 4*w + 3. Suppose -2*s - 3*d - 34 = 0, 2*s + 2*s + 72 = -4*d. Let a = 42 + s. Let j = a + -25. Calculate o(j).
0
Let d(t) be the first derivative of t**3/3 + t**2/2 + 43*t + 62. Give d(0).
43
Let s(d) = -1 - 2*d**2 + 11 - 5 - 2*d + d**2. Calculate s(-5).
-10
Suppose -4*u + 10 = g, 2*u - 4*g = 3*u - 10. Suppose 85 = u*l - 449. Let m(a) = -l + 267 + 3*a. Determine m(2).
6
Let y(c) be the first derivative of c**2/2 - 4. Suppose -4*g - 2*z - 49 = -g, 3*g - 5*z = -35. Let b be (-11)/7 - g/(-35). What is y(b)?
-2
Let t(a) = -7*a - 1. Suppose 61 - 44 = -17*o. Determine t(o).
6
Let l(g) = -6*g**3 + 10*g**2 - 25*g - 9. Let a(x) = 5*x**3 - 9*x**2 + 21*x + 8. Let v(h) = -7*a(h) - 6*l(h). Determine v(-4).
-30
Let r(w) = -w**2 + 6*w + 4. Suppose 4 = -2*o + o. Let l be 4 - (-1)/(2/o). Suppose -a - 3*n = -l*a + 17, 0 = 2*n + 8. Give r(a).
9
Let r be (6 - 2) + 2 + -4. Let t(a) = 0 + 13 + a + 2 - r*a. What is t(7)?
8
Let i(m) = -2*m + 4. Let f(n) = n**2 + 8 + n - n**3 + 0*n**2 - 12 + 7*n. Let z be f(-6). Let q be 2/20 - (-980)/z. Determine i(q).
-6
Suppose -2 = 3*q - 5*u, 0 = 3*q - 3*u - 6. Let c(y) = y + 1. Determine c(q).
7
Let j(y) = y + 6. Suppose z - 106 = -z - 5*d, 2*z - 118 = -2*d. Let i = -63 + z. Give j(i).
6
Let m be 2/1*12/(-8). Let w be 3/(4/(-12)*m). Let f(i) = 5*i. Give f(w).
15
Suppose l = -3*a + 8, a = 4*l + 6*a + 3. Let v(j) = j - 1. Let t(z) = -10. Let s(o) = t(o) - v(o). Let h be s(l). Let b(y) = -y**3 - 1. Determine b(h).
7
Let z(n) be the first derivative of -n**4/24 - 7*n**3/6 + 5*n**2 - 11. Let i(x) be the second derivative of z(x). Calculate i(-7).
0
Suppose -g - 3 - 9 = -4*q, -q - 3*g + 16 = 0. Suppose q*o + 2*n + 1 = 5*o, -7 = 3*o - n. Let p(y) = y - 4. What is p(o)?
-7
Let i(r) = -185*r - 4 + 82*r - 5 - r**2 + 94*r. Determine i(-5).
11
Let j(m) = 9*m + 27*m**3 + 2 - 26*m**3 - 4*m - 6*m**2. Determine j(4).
-10
Let x(z) = z**2 + 4*z + 1. Let a(d) = -12*d**2 - d + 3. Let i be a(-4). Let l be 6/(-8) + 6 + i/20. Determine x(l).
1
Let o be 2*2/(-2)*2. Let w(r) be the first derivative of -1/3*r**3 - 4*r + 13 - 3*r**2. Calculate w(o).
4
Suppose 0 = -44*f + 14*f - 420. Let q(i) = i**2 + 13*i - 13. Determine q(f).
1
Let o(k) = -k**3 - 9*k**2 + 17*k + 77. Let s be o(-10). Let f(v) = -2*v + 15. Calculate f(s).
1
Let w(k) = k**2 - 5*k - 8. Suppose -15 + 35 = 5*x. Suppose 0 = 4*b - l + 5*l - 40, 0 = -3*b - x*l + 33. Calculate w(b).
6
Suppose v - 66 = -v. Let k(w) = -71*w + 3 + v*w + 1 + 37*w. Give k(4).
0
Let z(r) = 23*r + 3. Let d(h) = -7*h - 1. Let w(y) = 13*d(y) + 4*z(y). Give w(-3).
-4
Suppose 5*u - 17 = -4*n, -u + 4*u + 9 = 0. Let s(q) = -q**3 + 8*q**2 - 2*q + 8. What is s(n)?
-8
Suppose 28*p - 64 = 20*p. Let l(f) = f**2 - 8*f - 12. Determine l(p).
-12
Let g(l) be the third derivative of -l**4/24 - l**3/6 - 14*l**2 - 3*l. Give g(-8).
7
Let d(j) = -2*j + 4. Suppose y + 4 = 0, 52 = 4*q - 0*y - 4*y. What is d(q)?
-14
Let v(a) = 28*a + 29. Let p be v(-1). Let q(k) be the second derivative of 0 + 1/2*k**2 - k + 2/3*k**3. Determine q(p).
5
Let b = 48 - 46. Suppose z + z + 5 = -m, 0 = 3*z - b*m + 18. Let q(j) = -2*j + 2. Determine q(z).
10
Suppose 5*h - 24 = 3*h. Suppose -17*k + 60 = -h*k. Let p be (-9)/k*(-4)/1. Let y(f) = f + 1. Calculate y(p).
4
Suppose 5*r - 2*a + 526 - 149 = 0, 0 = -2*r - 3*a - 147. Let b be 45/r - 34/10. Let o(s) = s**3 + 5*s**2 + 4*s + 2. Determine o(b).
2
Let g(a) = -a**2. Let i(d) = 2*d**2 + 8*d + 9. Let z(r) = -g(r) - i(r). Suppose -35*l + 101 = 346. Give z(l).
-2
Let d(r) = 2*r - 19. Let s(z) = z**3 - 27*z - 59. Let n be s(-2). Determine d(n).
-45
Let v(b) = -b**3 - 7*b**2 + b + 3. Let g(x) = 0*x**2 - 5*x**2 + 9*x + 3*x + 6*x**2 + 4. Let h be g(-11). What is v(h)?
-4
Let a(x) = -8*x**2 - 4 - 5*x + 0*x**2 - 6 - 4*x**3 + 3*x**3. Calculate a(-7).
-24
Suppose 0 = 6*l + 7 - 19. Let i(f) = -2*f**3 - 27*f**l + 12*f**2 + 15*f**2. Determine i(1).
-2
Let y = 21 - 10. Let h(n) = -2*n - 3. Let x be h(y). Let r = -30 - x. Let o(u) = u**2 + 6*u - 6. Determine o(r).
-11
Let j(w) = -w**2 + 18*w - 277. Let b(u) = u - 21. Let z(r) = -13*b(r) + j(r). Let g(i) = -i**3 - 1 + 0*i + 2*i**3 - i + 3*i**2. Let h be g(-2). Calculate z(h).
-4
Let f(n) = 2*n**3 + n**2 - 8*n + 5. Let m(h) = -3*h**3 - 3*h**2 + 13*h - 9. Let t(i) = -5*f(i) - 3*m(i). Calculate t(3).
14
Let m(a) = 20405*a + 4 - 4*a**3 - 20398*a - 2*a**2 + 5*a**3 + 9*a**2. Give m(-6).
-2
Let k(h) be the second derivative of -h**6/720 + 2*h**4/3 - 17*h. Let t(b) be the third derivative of k(b). Let m be 2 + 0 - 3*2. Give t(m).
4
Let d(r) = -9*r. Suppose -4*t - 3*a = -6, -t + 0*a - 5*a = 7. Calculate d(t).
-27
Let n = 12 - 8. Suppose -n*q - 43 - 37 = 0. Let v be (q/30)/(2/9). Let b(h) = -h - 3. What is b(v)?
0
Let n(i) = -3 - 3*i - 4 + 10 - 8. Let u(v) = -7*v - 11. Let m(g) = 9*n(g) - 4*u(g). Calculate m(0).
-1
Let p be (-7 - 0)/((-4)/8). Let t = -10 + p. Let o(z) = z - z**3 + 2*z + 5 + 6*z**2 - z**2 - 2*z**2. Determine o(t).
1
Let s = 36 + -34. Let p = 4 + -2. Let v(m) = 0*m - m**p - 3*m + 3*m + 2 + m. Determine v(s).
0
Let u(i) = -i - 10. Let v(x) = -2*x - 1. Let c(t) = -u(t) - 2*v(t). What is c(-6)?
-18
Let f(p) = 3*p**3 + 4*p - 13*p**2 - 3*p + 10*p**2 - 2*p**3. Let z(a) = -4*a - 2. Let k be z(-1). Calculate f(k).
-2
Let y(v) = -v + v - 13*v - v + 4 + 9*v. Calculate y(2).
-6
Suppose -63 + 29 - 62 = -48*h. Let t(y) be the third derivative of 1/12*y**4 - y**2 - 1/6*y**3 + 0*y - 1/60*y**5 + 0. What is t(h)?
-1
Let a be 310/(-775) - (1 - 29/10). Let z(j) be the first derivative of 3 - a*j**2 + 4*j. Determine z(5).
-11
Let h(a) = 6*a - 1 - a + 7*a. Suppose 0 = 4*o + 3*l - l - 6, -3*o - 3*l + 12 = 0. Calculate h(o).
-13
Let w(v) = 7 + 11*v**2 - 30*v**3 - 57*v**3 - 11*v + 88*v**3. Determine w(-12).
-5
Let s(w) be the first derivative of -w**2 - 9*w + 4. Let k(h) = -h**3 + 6*h**2 + 8*h - 13. Let b be k(7). Determine s(b).
3
Let i = 96 - 97. Let h(j) be the second derivative of -3*j**5/20 - j**4/12 - j**3/3 - j**2/2 - 7*j. What is h(i)?
3
Let i(p) = p**3 - 5*p**2 - 7*p + 9. Let m = -253 + 259. Give i(m).
3
Let s(n) = n**2 - 15*n - 22. Let r(d) = -3*d**2 + 47*d + 65. Let h(i) = -2*r(i) - 7*s(i). Calculate h(13).
-2
Let a be 3*((-2 - -4) + -1). Let b(q) = -a*q + 3*q + q - 30 + 24. Calculate b(0).
-6
Let q be -5 + (-10)/(-5) - -6. Let g(v) be the second derivative of -v**4/8 + v**3/6 - v**2/2 - v. Let s(k) be the first derivative of g(k). Determine s(q).
-8
Let p(j) = 8*j**3 + j**2. Let a(h) = -h + 9. Let g be a(5). Suppose -r + 9 = z - 3*r, 0 = 2*z + 5*r + 9. Let f = z - g. Determine p(f).
-7
Let x(l) = 5*l + 1. Let n be x(1). Suppose -154 = 7*y - 9*y. Let q(a) = -5*a + 0*a + a**2 - y + 75. Calculate q(n).
4
Let a be (2/(8/(-12)))/((-4)/12). Let c(i) = -a + 2*i + 4*i - 5*i. What is c(4)?
-5
Let i be 62 - (4 + -1)*4/6. Let d(z) = -2*z + i*z**3 - 4*z**2 - 61*z**3 + 3*z. Calculate d(-4).
-4
Let a(s) = 7*s**2 - 10*s - 6. Let l(b) = -3 - 27*b - b**2 + 4*b**2 + 22*b. Let i(x) = 4*a(x) - 9*l(x). Let k = -17 + 12. Calculate i(k).
3
Let o(g) be the third derivative of 5*g**2 + 5/24*g**4 + 0*g + 0 + 1/6*g**3. What is o(2)?
11
Let y(h) be the third derivative of h**4/24 + 2*h**3/3 + h**2. Let v be 2*(22/(-4) + (0 - -2)). Give y(v).
-3
Suppose s = -3*b + 2*b + 3, 3*s = -4*b + 14. Let u be (0 + 2)/(s/(-3)). Let l(p) be the second derivative of -p**3/6 + 3*p**2 - 4*p. Determine l(u).
3
Let r(y) = 22*y - 130. Let g(f) = -33*f + 196. Let k(j) = -5*g(j) - 8*r(j). Let t be k(6). Let n(p) = p**3 + 7*p**2 + 5*p - 4. Determine n(t).
2
Let o(t) = t**2 + 6*t - 8. Let k be o(-7). Let u be ((-6)/(-6))/(k/(-1)). Let y(j) = -8*j**2 - j. Determine y(u).
-9
Let d(m) = m**3 - 8*m**2 + 7*m + 1. Let c be (-8)/68 - (-2662)/374. What is d(c)?
1
Let m be (-34)/(-9) + 4/18. Let s(j) = m*j - 2*j - 4 + 3*j - j. Let r = 551 + -548. What is s(r)?
8
Suppose -4*o = 0, -2*h = -0*o + 3*o - 12. Let g(k) = -k + 2. Let m(j) = -6*j + 11. Let q be (1/2)/(4*(-1)/(-16)). Let x(w) = q*m(w) - 11*g(w). Give x(h).
-6
Let s(y) = -y**3 - y**2 - 3*y - 2. Let b be s(-1). Let w(m) be the